{"id":10,"date":"2015-07-06T14:39:50","date_gmt":"2015-07-06T14:39:50","guid":{"rendered":"http:\/\/lesgrandscollectionneursduquebec.com\/?page_id=10"},"modified":"2026-03-09T17:55:25","modified_gmt":"2026-03-09T21:55:25","slug":"nos-commanditaires","status":"publish","type":"page","link":"https:\/\/lesgrandscollectionneursduquebec.com\/index.php\/nos-commanditaires\/","title":{"rendered":""},"content":{"rendered":"\n<figure class=\"wp-block-image\"><img loading=\"lazy\" decoding=\"async\" width=\"1280\" height=\"215\" src=\"http:\/\/lesgrandscollectionneursduquebec.com\/wp-content\/uploads\/2015\/07\/logo-commanditaire.jpg\" alt=\"logo-commanditaire\" class=\"wp-image-676\" srcset=\"https:\/\/lesgrandscollectionneursduquebec.com\/wp-content\/uploads\/2015\/07\/logo-commanditaire.jpg 1280w, https:\/\/lesgrandscollectionneursduquebec.com\/wp-content\/uploads\/2015\/07\/logo-commanditaire-300x50.jpg 300w, https:\/\/lesgrandscollectionneursduquebec.com\/wp-content\/uploads\/2015\/07\/logo-commanditaire-1024x172.jpg 1024w\" sizes=\"auto, (max-width: 1280px) 100vw, 1280px\" \/><\/figure>\n\n\n\n<h1 class=\"wp-block-heading has-text-align-center has-x-large-font-size\"><strong><em>Nos commanditaires<\/em><\/strong><\/h1>\n\n\n\n<div class=\"wp-block-group is-content-justification-center is-nowrap is-layout-flex wp-container-core-group-is-layout-499140ed wp-block-group-is-layout-flex\">\n<figure class=\"wp-block-table\"><table class=\"has-fixed-layout\"><tbody><tr><td><a href=\"https:\/\/boutique-tpm.com\/\"><img loading=\"lazy\" decoding=\"async\" width=\"250\" height=\"436\" class=\"wp-image-2657\" style=\"width: 250px;\" src=\"https:\/\/lesgrandscollectionneursduquebec.com\/wp-content\/uploads\/2019\/01\/carte-tpm-2019.jpg\" alt=\"\" srcset=\"https:\/\/lesgrandscollectionneursduquebec.com\/wp-content\/uploads\/2019\/01\/carte-tpm-2019.jpg 594w, https:\/\/lesgrandscollectionneursduquebec.com\/wp-content\/uploads\/2019\/01\/carte-tpm-2019-172x300.jpg 172w, https:\/\/lesgrandscollectionneursduquebec.com\/wp-content\/uploads\/2019\/01\/carte-tpm-2019-587x1024.jpg 587w\" sizes=\"auto, (max-width: 250px) 100vw, 250px\" \/><\/a><\/td><td class=\"has-text-align-center\" data-align=\"center\"><\/td><\/tr><tr><td><a href=\"https:\/\/lesgrandscollectionneursduquebec.com\/wp-content\/uploads\/2024\/10\/carte-affaires-francis-barbeau-1.jpg\"><img loading=\"lazy\" decoding=\"async\" width=\"250\" height=\"146\" class=\"wp-image-3693\" style=\"width: 250px;\" src=\"https:\/\/lesgrandscollectionneursduquebec.com\/wp-content\/uploads\/2024\/10\/carte-affaires-francis-barbeau-1.jpg\" alt=\"\" srcset=\"https:\/\/lesgrandscollectionneursduquebec.com\/wp-content\/uploads\/2024\/10\/carte-affaires-francis-barbeau-1.jpg 1043w, https:\/\/lesgrandscollectionneursduquebec.com\/wp-content\/uploads\/2024\/10\/carte-affaires-francis-barbeau-1-300x176.jpg 300w, https:\/\/lesgrandscollectionneursduquebec.com\/wp-content\/uploads\/2024\/10\/carte-affaires-francis-barbeau-1-1024x600.jpg 1024w, https:\/\/lesgrandscollectionneursduquebec.com\/wp-content\/uploads\/2024\/10\/carte-affaires-francis-barbeau-1-768x450.jpg 768w\" sizes=\"auto, (max-width: 250px) 100vw, 250px\" \/><\/a><\/td><td class=\"has-text-align-center\" data-align=\"center\"><a href=\"https:\/\/www.delcampe.net\/fr\/collections\/store\/patente52\"><\/a><\/td><\/tr><tr><td><a href=\"http:\/\/yvonmarquis.com\/\"><img loading=\"lazy\" decoding=\"async\" width=\"250\" height=\"144\" class=\"wp-image-2795\" style=\"width: 250px;\" src=\"https:\/\/lesgrandscollectionneursduquebec.com\/wp-content\/uploads\/2019\/10\/carte-affaire-yvon.jpg\" alt=\"\" srcset=\"https:\/\/lesgrandscollectionneursduquebec.com\/wp-content\/uploads\/2019\/10\/carte-affaire-yvon.jpg 951w, https:\/\/lesgrandscollectionneursduquebec.com\/wp-content\/uploads\/2019\/10\/carte-affaire-yvon-300x173.jpg 300w, https:\/\/lesgrandscollectionneursduquebec.com\/wp-content\/uploads\/2019\/10\/carte-affaire-yvon-768x443.jpg 768w\" sizes=\"auto, (max-width: 250px) 100vw, 250px\" \/><\/a><\/td><td class=\"has-text-align-center\" data-align=\"center\"><a href=\"https:\/\/lesgrandscollectionneursduquebec.com\/wp-content\/uploads\/2015\/07\/baillargeon.png\"><img loading=\"lazy\" decoding=\"async\" width=\"250\" height=\"123\" class=\"wp-image-178\" style=\"width: 250px;\" src=\"https:\/\/lesgrandscollectionneursduquebec.com\/wp-content\/uploads\/2015\/07\/baillargeon.png\" alt=\"\" srcset=\"https:\/\/lesgrandscollectionneursduquebec.com\/wp-content\/uploads\/2015\/07\/baillargeon.png 833w, https:\/\/lesgrandscollectionneursduquebec.com\/wp-content\/uploads\/2015\/07\/baillargeon-300x148.png 300w\" sizes=\"auto, (max-width: 250px) 100vw, 250px\" \/><\/a><\/td><\/tr><tr><td><a href=\"https:\/\/lesgrandscollectionneursduquebec.com\/wp-content\/uploads\/2024\/03\/1001Collections-Carte-daffaires-.jpg\"><img loading=\"lazy\" decoding=\"async\" width=\"250\" height=\"143\" class=\"wp-image-3635\" style=\"width: 250px;\" src=\"https:\/\/lesgrandscollectionneursduquebec.com\/wp-content\/uploads\/2024\/03\/1001Collections-Carte-daffaires-.jpg\" alt=\"\" srcset=\"https:\/\/lesgrandscollectionneursduquebec.com\/wp-content\/uploads\/2024\/03\/1001Collections-Carte-daffaires-.jpg 1044w, https:\/\/lesgrandscollectionneursduquebec.com\/wp-content\/uploads\/2024\/03\/1001Collections-Carte-daffaires--300x172.jpg 300w, https:\/\/lesgrandscollectionneursduquebec.com\/wp-content\/uploads\/2024\/03\/1001Collections-Carte-daffaires--1024x586.jpg 1024w, https:\/\/lesgrandscollectionneursduquebec.com\/wp-content\/uploads\/2024\/03\/1001Collections-Carte-daffaires--768x439.jpg 768w\" sizes=\"auto, (max-width: 250px) 100vw, 250px\" \/><\/a><\/td><td class=\"has-text-align-center\" data-align=\"center\"><a href=\"https:\/\/www.salondescollectionneurs.com\/\"><img loading=\"lazy\" decoding=\"async\" width=\"250\" height=\"103\" class=\"wp-image-3497\" style=\"width: 250px;\" src=\"https:\/\/lesgrandscollectionneursduquebec.com\/wp-content\/uploads\/2023\/09\/affaires-drummondville-sebastien-cauchy.jpg\" alt=\"\" srcset=\"https:\/\/lesgrandscollectionneursduquebec.com\/wp-content\/uploads\/2023\/09\/affaires-drummondville-sebastien-cauchy.jpg 1625w, https:\/\/lesgrandscollectionneursduquebec.com\/wp-content\/uploads\/2023\/09\/affaires-drummondville-sebastien-cauchy-300x124.jpg 300w, https:\/\/lesgrandscollectionneursduquebec.com\/wp-content\/uploads\/2023\/09\/affaires-drummondville-sebastien-cauchy-1024x423.jpg 1024w, https:\/\/lesgrandscollectionneursduquebec.com\/wp-content\/uploads\/2023\/09\/affaires-drummondville-sebastien-cauchy-768x317.jpg 768w, https:\/\/lesgrandscollectionneursduquebec.com\/wp-content\/uploads\/2023\/09\/affaires-drummondville-sebastien-cauchy-1536x634.jpg 1536w\" sizes=\"auto, (max-width: 250px) 100vw, 250px\" \/><\/a><\/td><\/tr><tr><td><\/td><td class=\"has-text-align-center\" data-align=\"center\"><\/td><\/tr><\/tbody><\/table><\/figure>\n\n\n\n<figure style=\"font-size:17px\" class=\"wp-block-table\"><table class=\"has-fixed-layout\"><tbody><tr><td class=\"has-text-align-center\" data-align=\"center\">Comme beaucoup de club \u00e0 but non lucratif, le financement se fait de deux fa\u00e7ons : le co\u00fbt d\u2019adh\u00e9sion de ses membres et les commandites.&nbsp;(Les dons sont toujours les bienvenus et accept\u00e9s). Pour donner une visibilit\u00e9 suppl\u00e9mentaire \u00e0 votre commerce et surtout pour supporter un club de collectionneurs de mille et un objets \u00e0 la grandeur de la province de Qu\u00e9bec et d\u2019ailleurs.<br><br>Notre tarif publicitaire pour une ann\u00e9e:<br>-Carte d\u2019affaires: 40.00$<br><br><strong>Vous profiterez de&nbsp;<\/strong>:<br><br>-4 parutions par ann\u00e9e dans notre\u00ab&nbsp;Petit Journal&nbsp;\u00bb<br><br>-Une carte de membre pour l\u2019ann\u00e9e en cours,<br><br>-Une visibilit\u00e9 sur notre site internet en lien avec le v\u00f4tre pour 12 mois,<br><br>-Une&nbsp;place r\u00e9serv\u00e9e sur la table du club pour votre publicit\u00e9 et vos cartes d\u2019affaire lors de notre exposition annuelle ayant quelques centaines de visiteurs et acheteurs.<br><br>N\u2019oubliez pas de joindre votre publicit\u00e9 ou carte d\u2019affaire avec votre paiement. Merci de votre appui au Club.<br><strong><em>Remplissez ce formulaire et devenez commanditaire:<\/em><\/strong><br><a href=\"https:\/\/lesgrandscollectionneursduquebec.com\/wp-content\/uploads\/2024\/07\/formulaire-devenez-commanditaire-1.pdf\" target=\"_blank\" rel=\"noreferrer noopener\">Cliquer ici pour t\u00e9l\u00e9charger et imprimer le formulaire<\/a>.<\/td><\/tr><\/tbody><\/table><\/figure>\n<\/div>\n<div class=\"fcbkbttn_buttons_block\" id=\"fcbkbttn_left\"><div class=\"fcbkbttn_button\">\n\t\t\t\t\t<a href=\"https:\/\/www.facebook.com\/Les-Grands-Collectionneurs-Du-Quebec-Inc-941070729238884\/\" target=\"_blank\">\n\t\t\t\t\t\t<img decoding=\"async\" src=\"https:\/\/lesgrandscollectionneursduquebec.com\/wp-content\/plugins\/facebook-button-plugin\/images\/standard-facebook-ico.png\" alt=\"Fb-Button\" \/>\n\t\t\t\t\t<\/a>\n\t\t\t\t<\/div><\/div>","protected":false},"excerpt":{"rendered":"<p>Nos commanditaires Comme beaucoup de club \u00e0 but non lucratif, le financement se fait de deux fa\u00e7ons : le co\u00fbt d\u2019adh\u00e9sion de ses membres et les commandites.&nbsp;(Les dons sont toujours les bienvenus et accept\u00e9s). Pour donner une visibilit\u00e9 suppl\u00e9mentaire \u00e0 votre commerce et surtout pour supporter un club de collectionneurs de mille et un objets &hellip; <a href=\"https:\/\/lesgrandscollectionneursduquebec.com\/index.php\/nos-commanditaires\/\" class=\"more-link\">Continuer la lecture de <span class=\"screen-reader-text\"><\/span> <span class=\"meta-nav\">&rarr;<\/span><\/a><\/p>\n","protected":false},"author":1,"featured_media":0,"parent":0,"menu_order":0,"comment_status":"closed","ping_status":"closed","template":"","meta":{"ngg_post_thumbnail":0,"footnotes":""},"class_list":["post-10","page","type-page","status-publish","hentry"],"_links":{"self":[{"href":"https:\/\/lesgrandscollectionneursduquebec.com\/index.php\/wp-json\/wp\/v2\/pages\/10","targetHints":{"allow":["GET"]}}],"collection":[{"href":"https:\/\/lesgrandscollectionneursduquebec.com\/index.php\/wp-json\/wp\/v2\/pages"}],"about":[{"href":"https:\/\/lesgrandscollectionneursduquebec.com\/index.php\/wp-json\/wp\/v2\/types\/page"}],"author":[{"embeddable":true,"href":"https:\/\/lesgrandscollectionneursduquebec.com\/index.php\/wp-json\/wp\/v2\/users\/1"}],"replies":[{"embeddable":true,"href":"https:\/\/lesgrandscollectionneursduquebec.com\/index.php\/wp-json\/wp\/v2\/comments?post=10"}],"version-history":[{"count":284,"href":"https:\/\/lesgrandscollectionneursduquebec.com\/index.php\/wp-json\/wp\/v2\/pages\/10\/revisions"}],"predecessor-version":[{"id":4165,"href":"https:\/\/lesgrandscollectionneursduquebec.com\/index.php\/wp-json\/wp\/v2\/pages\/10\/revisions\/4165"}],"wp:attachment":[{"href":"https:\/\/lesgrandscollectionneursduquebec.com\/index.php\/wp-json\/wp\/v2\/media?parent=10"}],"curies":[{"name":"wp","href":"https:\/\/api.w.org\/{rel}","templated":true}]}}