{"id":6,"date":"2015-07-06T14:37:29","date_gmt":"2015-07-06T14:37:29","guid":{"rendered":"http:\/\/lesgrandscollectionneursduquebec.com\/?page_id=6"},"modified":"2026-01-26T20:02:59","modified_gmt":"2026-01-27T01:02:59","slug":"historique","status":"publish","type":"page","link":"https:\/\/lesgrandscollectionneursduquebec.com\/index.php\/historique\/","title":{"rendered":""},"content":{"rendered":"\n<figure class=\"wp-block-image\"><a href=\"http:\/\/lesgrandscollectionneursduquebec.com\/wp-content\/uploads\/2015\/07\/logo-histoire.jpg\"><img loading=\"lazy\" decoding=\"async\" width=\"1280\" height=\"215\" src=\"http:\/\/lesgrandscollectionneursduquebec.com\/wp-content\/uploads\/2015\/07\/logo-histoire.jpg\" alt=\"logo-histoire\" class=\"wp-image-848\" srcset=\"https:\/\/lesgrandscollectionneursduquebec.com\/wp-content\/uploads\/2015\/07\/logo-histoire.jpg 1280w, https:\/\/lesgrandscollectionneursduquebec.com\/wp-content\/uploads\/2015\/07\/logo-histoire-300x50.jpg 300w, https:\/\/lesgrandscollectionneursduquebec.com\/wp-content\/uploads\/2015\/07\/logo-histoire-1024x172.jpg 1024w\" sizes=\"auto, (max-width: 1280px) 100vw, 1280px\" \/><\/a><\/figure>\n\n\n\n<h1 class=\"wp-block-heading has-text-align-center\" style=\"font-style:italic;font-weight:800;letter-spacing:2px\">Histoire du club<\/h1>\n\n\n\n<blockquote class=\"wp-block-quote is-layout-flow wp-block-quote-is-layout-flow\">\n<p class=\"has-text-align-left\" style=\"font-size:25px;font-style:italic;font-weight:800\">Extrait du vol. 1 no 4, d&rsquo;avril 1984<\/p>\n<\/blockquote>\n\n\n\n<p class=\"has-text-align-left\"><span style=\"text-decoration: underline; font-family: arial, helvetica, sans-serif; font-size: 12pt; color: #000000;\"> <em><strong> \u00ab Historique du Club Les Grands Collectionneurs du Qu\u00e9bec<\/strong><\/em><\/span><\/p>\n\n\n\n<p class=\"has-text-align-center\"><span style=\"font-family: arial, helvetica, sans-serif; font-size: 12pt; color: #000000;\">En mai 1983, j\u2019ai rencontr\u00e9 Louis Chabot, collectionneur dans le domaine du sport et nous avons pens\u00e9 de r\u00e9unir les collectionneurs de sport et tous les autres collectionneurs divers. Ceci a commenc\u00e9 par une s\u00e9rie d\u2019\u00e9mission \u00e0 la radio.<\/span><\/p>\n\n\n\n<p class=\"has-text-align-center\"><em><span style=\"font-family: arial, helvetica, sans-serif; font-size: 12pt; color: #000000;\">&nbsp;Apr\u00e8s un an, nous sommes environ 140 membres, \u00e2g\u00e9s de 5 \u00e0 environ 80 ans. Ces collectionneurs regroupent un \u00e9ventail d\u2019environ 90 sortes de collections.<\/span><\/em><\/p>\n\n\n\n<p class=\"has-text-align-center\"><em><span style=\"font-family: arial, helvetica, sans-serif; font-size: 12pt; color: #000000;\">Nous touchons \u00e0 peu pr\u00e8s tous les domaines : sport, cartes postales, timbres, monnaies, macarons, cartons d\u2019allumettes&#8230; Nous avons des membres de Qu\u00e9bec (r\u00e9gion 03), L\u00e9vis, Bellechasse, Montmagny, Montr\u00e9al, Trois-Rivi\u00e8res, Chicoutimi, Port Cartier, Rimouski, Beauce, Ontario, etc.<\/span><\/em><\/p>\n\n\n\n<p class=\"has-text-align-center\"><em><span style=\"font-family: arial, helvetica, sans-serif; font-size: 12pt; color: #000000;\">Nous avons fait de petites expositions, rencontres, pic-nic, Salon du collectionneur\u2026<\/span><\/em><br><em><span style=\"font-family: arial, helvetica, sans-serif; font-size: 12pt; color: #000000;\">Notre journal sera int\u00e9ressant\u2026 il y a de la place pour y recevoir vos opinions et vos suggestions.<\/span><\/em><\/p>\n\n\n\n<p class=\"has-text-align-left\"><em><span style=\"font-family: arial, helvetica, sans-serif; font-size: 12pt; color: #000000;\"> Marcel Racine, v.-pr\u00e9s (2-F) \u00bb<\/span><\/em><\/p>\n\n\n\n<p class=\"has-text-align-left\"><span style=\"font-family: arial, helvetica, sans-serif; font-size: 12pt; color: #000000;\">Les lettres patentes furent accord\u00e9es et enregistr\u00e9es le 6 septembre 1983, aux trois requ\u00e9rants qui form\u00e8rent le premier conseil d\u2019administration de la corporation, soit <\/span><span style=\"font-family: arial, helvetica, sans-serif; font-size: 12pt; color: #000000;\">messieurs Louis Chabot, Marcel Racine et Pierre Breton.<\/span><\/p>\n\n\n\n<p class=\"has-text-align-left\"><span style=\"font-family: arial, helvetica, sans-serif; font-size: 12pt; color: #000000;\"><strong>Les objectifs pour lesquelles la corporation est constitu\u00e9e sont les suivants :<\/strong><\/span><\/p>\n\n\n\n<ul class=\"wp-block-list\">\n<li>\n<ul class=\"wp-block-list\">\n<li><span style=\"font-family: arial, helvetica, sans-serif; font-size: 12pt; color: #000000;\">aider les gens (collectionneurs) \u00e0 se regrouper et faire des \u00e9changes,<\/span><\/li>\n<\/ul>\n<\/li>\n\n\n\n<li>\n<ul class=\"wp-block-list\">\n<li><span style=\"font-family: arial, helvetica, sans-serif; font-size: 12pt; color: #000000;\">faire un genre de club social en favorisant les rencontres,<\/span><\/li>\n<\/ul>\n<\/li>\n\n\n\n<li>\n<ul class=\"wp-block-list\">\n<li><span style=\"font-family: arial, helvetica, sans-serif; font-size: 12pt; color: #000000;\">stimuler les gens dans leurs collections,<\/span><\/li>\n<\/ul>\n<\/li>\n\n\n\n<li>\n<ul class=\"wp-block-list\">\n<li><span style=\"font-family: arial, helvetica, sans-serif; font-size: 12pt; color: #000000;\">servir de personnes ressources pour les collectionneurs.<\/span><\/li>\n<\/ul>\n<\/li>\n<\/ul>\n\n\n\n<p class=\"has-text-align-left\"><span style=\"font-family: arial, helvetica, sans-serif; font-size: 12pt;\"><span style=\"font-size: 10pt;\"><span style=\"font-size: 12pt;\">La carte de membre co\u00fbtait 5.00 $ et le sigle original \u00e9tait celui-ci<\/span>: &nbsp;&nbsp;<\/span><a href=\"http:\/\/lesgrandscollectionneursduquebec.com\/wp-content\/uploads\/2015\/07\/ancien-logo-1.jpg\"><img loading=\"lazy\" decoding=\"async\" class=\"alignnone wp-image-66\" src=\"http:\/\/lesgrandscollectionneursduquebec.com\/wp-content\/uploads\/2015\/07\/ancien-logo-1.jpg\" alt=\"ancien-logo-1\" width=\"130\" height=\"63\"><\/a><\/span><\/p>\n\n\n\n<blockquote class=\"wp-block-quote is-layout-flow wp-block-quote-is-layout-flow\">\n<p style=\"font-size:22px;font-style:italic;font-weight:800\">Le club a f\u00eat\u00e9 son 40e anniversaire en 2023 et nous somme en route pour le 45e anniversaire en 2028!<\/p>\n<\/blockquote>\n<div class=\"fcbkbttn_buttons_block\" id=\"fcbkbttn_left\"><div class=\"fcbkbttn_button\">\n\t\t\t\t\t<a href=\"https:\/\/www.facebook.com\/Les-Grands-Collectionneurs-Du-Quebec-Inc-941070729238884\/\" target=\"_blank\">\n\t\t\t\t\t\t<img decoding=\"async\" src=\"https:\/\/lesgrandscollectionneursduquebec.com\/wp-content\/plugins\/facebook-button-plugin\/images\/standard-facebook-ico.png\" alt=\"Fb-Button\" \/>\n\t\t\t\t\t<\/a>\n\t\t\t\t<\/div><\/div>","protected":false},"excerpt":{"rendered":"<p>Histoire du club Extrait du vol. 1 no 4, d&rsquo;avril 1984 \u00ab Historique du Club Les Grands Collectionneurs du Qu\u00e9bec En mai 1983, j\u2019ai rencontr\u00e9 Louis Chabot, collectionneur dans le domaine du sport et nous avons pens\u00e9 de r\u00e9unir les collectionneurs de sport et tous les autres collectionneurs divers. Ceci a commenc\u00e9 par une s\u00e9rie &hellip; <a href=\"https:\/\/lesgrandscollectionneursduquebec.com\/index.php\/historique\/\" class=\"more-link\">Continuer la lecture de <span class=\"screen-reader-text\"><\/span> <span class=\"meta-nav\">&rarr;<\/span><\/a><\/p>\n","protected":false},"author":1,"featured_media":0,"parent":0,"menu_order":0,"comment_status":"closed","ping_status":"closed","template":"","meta":{"ngg_post_thumbnail":0,"footnotes":""},"class_list":["post-6","page","type-page","status-publish","hentry"],"_links":{"self":[{"href":"https:\/\/lesgrandscollectionneursduquebec.com\/index.php\/wp-json\/wp\/v2\/pages\/6","targetHints":{"allow":["GET"]}}],"collection":[{"href":"https:\/\/lesgrandscollectionneursduquebec.com\/index.php\/wp-json\/wp\/v2\/pages"}],"about":[{"href":"https:\/\/lesgrandscollectionneursduquebec.com\/index.php\/wp-json\/wp\/v2\/types\/page"}],"author":[{"embeddable":true,"href":"https:\/\/lesgrandscollectionneursduquebec.com\/index.php\/wp-json\/wp\/v2\/users\/1"}],"replies":[{"embeddable":true,"href":"https:\/\/lesgrandscollectionneursduquebec.com\/index.php\/wp-json\/wp\/v2\/comments?post=6"}],"version-history":[{"count":37,"href":"https:\/\/lesgrandscollectionneursduquebec.com\/index.php\/wp-json\/wp\/v2\/pages\/6\/revisions"}],"predecessor-version":[{"id":4154,"href":"https:\/\/lesgrandscollectionneursduquebec.com\/index.php\/wp-json\/wp\/v2\/pages\/6\/revisions\/4154"}],"wp:attachment":[{"href":"https:\/\/lesgrandscollectionneursduquebec.com\/index.php\/wp-json\/wp\/v2\/media?parent=6"}],"curies":[{"name":"wp","href":"https:\/\/api.w.org\/{rel}","templated":true}]}}

<figure class="wp-block-image"><a href="http://lesgrandscollectionneursduquebec.com/wp-content/uploads/2015/07/logo-histoire.jpg"><img loading="lazy" decoding="async" width="1280" height="215" src="http://lesgrandscollectionneursduquebec.com/wp-content/uploads/2015/07/logo-histoire.jpg" alt="logo-histoire" class="wp-image-848" srcset="https://lesgrandscollectionneursduquebec.com/wp-content/uploads/2015/07/logo-histoire.jpg 1280w, https://lesgrandscollectionneursduquebec.com/wp-content/uploads/2015/07/logo-histoire-300x50.jpg 300w, https://lesgrandscollectionneursduquebec.com/wp-content/uploads/2015/07/logo-histoire-1024x172.jpg 1024w" sizes="auto, (max-width: 1280px) 100vw, 1280px" /></a></figure>



<h1 class="wp-block-heading has-text-align-center" style="font-style:italic;font-weight:800;letter-spacing:2px">Histoire du club</h1>



<blockquote class="wp-block-quote is-layout-flow wp-block-quote-is-layout-flow">
<p class="has-text-align-left" style="font-size:25px;font-style:italic;font-weight:800">Extrait du vol. 1 no 4, d&rsquo;avril 1984</p>
</blockquote>



<p class="has-text-align-left"><span style="text-decoration: underline; font-family: arial, helvetica, sans-serif; font-size: 12pt; color: #000000;"> <em><strong> « Historique du Club Les Grands Collectionneurs du Québec</strong></em></span></p>



<p class="has-text-align-center"><span style="font-family: arial, helvetica, sans-serif; font-size: 12pt; color: #000000;">En mai 1983, j’ai rencontré Louis Chabot, collectionneur dans le domaine du sport et nous avons pensé de réunir les collectionneurs de sport et tous les autres collectionneurs divers. Ceci a commencé par une série d’émission à la radio.</span></p>



<p class="has-text-align-center"><em><span style="font-family: arial, helvetica, sans-serif; font-size: 12pt; color: #000000;">&nbsp;Après un an, nous sommes environ 140 membres, âgés de 5 à environ 80 ans. Ces collectionneurs regroupent un éventail d’environ 90 sortes de collections.</span></em></p>



<p class="has-text-align-center"><em><span style="font-family: arial, helvetica, sans-serif; font-size: 12pt; color: #000000;">Nous touchons à peu près tous les domaines : sport, cartes postales, timbres, monnaies, macarons, cartons d’allumettes&#8230; Nous avons des membres de Québec (région 03), Lévis, Bellechasse, Montmagny, Montréal, Trois-Rivières, Chicoutimi, Port Cartier, Rimouski, Beauce, Ontario, etc.</span></em></p>



<p class="has-text-align-center"><em><span style="font-family: arial, helvetica, sans-serif; font-size: 12pt; color: #000000;">Nous avons fait de petites expositions, rencontres, pic-nic, Salon du collectionneur…</span></em><br><em><span style="font-family: arial, helvetica, sans-serif; font-size: 12pt; color: #000000;">Notre journal sera intéressant… il y a de la place pour y recevoir vos opinions et vos suggestions.</span></em></p>



<p class="has-text-align-left"><em><span style="font-family: arial, helvetica, sans-serif; font-size: 12pt; color: #000000;"> Marcel Racine, v.-prés (2-F) »</span></em></p>



<p class="has-text-align-left"><span style="font-family: arial, helvetica, sans-serif; font-size: 12pt; color: #000000;">Les lettres patentes furent accordées et enregistrées le 6 septembre 1983, aux trois requérants qui formèrent le premier conseil d’administration de la corporation, soit </span><span style="font-family: arial, helvetica, sans-serif; font-size: 12pt; color: #000000;">messieurs Louis Chabot, Marcel Racine et Pierre Breton.</span></p>



<p class="has-text-align-left"><span style="font-family: arial, helvetica, sans-serif; font-size: 12pt; color: #000000;"><strong>Les objectifs pour lesquelles la corporation est constituée sont les suivants :</strong></span></p>



<ul class="wp-block-list">
<li>
<ul class="wp-block-list">
<li><span style="font-family: arial, helvetica, sans-serif; font-size: 12pt; color: #000000;">aider les gens (collectionneurs) à se regrouper et faire des échanges,</span></li>
</ul>
</li>



<li>
<ul class="wp-block-list">
<li><span style="font-family: arial, helvetica, sans-serif; font-size: 12pt; color: #000000;">faire un genre de club social en favorisant les rencontres,</span></li>
</ul>
</li>



<li>
<ul class="wp-block-list">
<li><span style="font-family: arial, helvetica, sans-serif; font-size: 12pt; color: #000000;">stimuler les gens dans leurs collections,</span></li>
</ul>
</li>



<li>
<ul class="wp-block-list">
<li><span style="font-family: arial, helvetica, sans-serif; font-size: 12pt; color: #000000;">servir de personnes ressources pour les collectionneurs.</span></li>
</ul>
</li>
</ul>



<p class="has-text-align-left"><span style="font-family: arial, helvetica, sans-serif; font-size: 12pt;"><span style="font-size: 10pt;"><span style="font-size: 12pt;">La carte de membre coûtait 5.00 $ et le sigle original était celui-ci</span>: &nbsp;&nbsp;</span><a href="http://lesgrandscollectionneursduquebec.com/wp-content/uploads/2015/07/ancien-logo-1.jpg"><img loading="lazy" decoding="async" class="alignnone wp-image-66" src="http://lesgrandscollectionneursduquebec.com/wp-content/uploads/2015/07/ancien-logo-1.jpg" alt="ancien-logo-1" width="130" height="63"></a></span></p>



<blockquote class="wp-block-quote is-layout-flow wp-block-quote-is-layout-flow">
<p style="font-size:22px;font-style:italic;font-weight:800">Le club a fêté son 40e anniversaire en 2023 et nous somme en route pour le 45e anniversaire en 2028!</p>
</blockquote>
<div class="fcbkbttn_buttons_block" id="fcbkbttn_left"><div class="fcbkbttn_button">
					<a href="https://www.facebook.com/Les-Grands-Collectionneurs-Du-Quebec-Inc-941070729238884/" target="_blank">
						<img decoding="async" src="https://lesgrandscollectionneursduquebec.com/wp-content/plugins/facebook-button-plugin/images/standard-facebook-ico.png" alt="Fb-Button" />
					</a>
				</div></div>

<p>Histoire du club Extrait du vol. 1 no 4, d&rsquo;avril 1984 « Historique du Club Les Grands Collectionneurs du Québec En mai 1983, j’ai rencontré Louis Chabot, collectionneur dans le domaine du sport et nous avons pensé de réunir les collectionneurs de sport et tous les autres collectionneurs divers. Ceci a commencé par une série &hellip; <a href="https://lesgrandscollectionneursduquebec.com/index.php/historique/" class="more-link">Continuer la lecture de <span class="screen-reader-text"></span> <span class="meta-nav">&rarr;</span></a></p>
